 the units digit of a(-2)?
9
Let t = 4 + 0. Let q(a) = 7*a**2 + 0 + 11 - 5*a - a**3 - t. What is the units digit of q(6)?
3
Suppose -2*a + 7*a + 9 = 3*k, -3 = -k + 2*a. Suppose -5*q - 6 = k*f + 6, -5*f = -2*q - 11. What is the units digit of f?
1
Suppose 0 = -u - 2, -7*u = -5*b - 3*u + 973. What is the hundreds digit of b?
1
Let u(a) = -a**3 + 12*a**2 - 20*a + 3. What is the tens digit of u(8)?
9
Suppose -3*i - 4 = 17. Let r(d) be the third derivative of -d**6/120 - 2*d**5/15 - d**4/3 - 2*d**2. What is the units digit of r(i)?
7
Suppose 20 = 3*i - 13. Suppose i = 2*j - 15. What is the tens digit of j?
1
Let i be 12/(-54) - 238/(-18). Suppose 5*z - 13 = -0*z - 2*x, 3*z - 4*x = i. Let h = -2 + z. What is the units digit of h?
1
Suppose 5*p + 3*h - 125 = 4, -4*p = 4*h - 100. What is the units digit of p?
7
What is the hundreds digit of 12894/(-28)*(-2)/3?
3
Let c(o) = o**3 - 7*o**2 - 7*o - 2. Let x be c(8). Suppose 2 = -3*j - 4*l - 7, l + x = 3*j. Let k(t) = 6*t**2 + t. What is the units digit of k(j)?
7
Let s = 59 - 22. What is the units digit of s?
7
Suppose 2*s + 3*v - 9 = 0, 3*s - 5*v = -3*v + 7. Let i(k) = -3 + 3*k + 2*k + 2*k**2 - 2*k**3 + k**3. What is the units digit of i(s)?
3
Let a(c) = c**2 - 6*c + 2. Suppose 0*w + 45 = 5*w. What is the units digit of a(w)?
9
Let h be ((-132)/(-24))/(2/8). What is the units digit of (3/(-2))/(-3)*h?
1
Suppose -q - 41 = -3*d - 0*q, -2*q = -d + 17. Let o = d + -9. What is the units digit of o?
4
Let t(g) = 2*g - 7. Let j be t(6). Let b = 8 - j. What is the units digit of b?
3
Let r(a) = -24*a - 56. What is the units digit of r(-12)?
2
Suppose 5*h = -5*i + 185, h = 2*i - 0*h - 59. What is the tens digit of i?
3
What is the tens digit of 2/(-9) - (-1572)/27?
5
Let g(l) be the third derivative of -7*l**4/24 - l**3/2 - l**2. What is the units digit of g(-3)?
8
What is the units digit of 7/7 + 23*2?
7
Suppose 99 = 3*o - 3*w, 5*w - 58 - 137 = -5*o. What is the tens digit of o?
3
Let y(n) = -n**3 - n**2 + n + 3. Let b be y(0). Let a = 9 + -4. Suppose -4*v + b = 3*h, 3*v = -a*h - 0 + 5. What is the units digit of h?
1
Suppose 16 = j - 2*j. Let c = j - -28. Suppose -3*g + m = -m - c, 5*g - 13 = m. What is the units digit of g?
2
Suppose -a - 2 = -5. Suppose 0 = -a*m + u - 13, 6*u - 26 = 2*m + u. Let v(s) = -s**3 - 2*s**2 + 2*s + 2. What is the units digit of v(m)?
5
Let n(u) = u**3 - 4*u**2 - 5*u + 6. Let d be (5/3)/((-1)/(-3)). Let k be n(d). Suppose -2*a - 8 = -k*a. What is the units digit of a?
2
Suppose -3*s - 9*s = -1476. What is the hundreds digit of s?
1
Let b(h) = h**2 - 2*h + 3. What is the tens digit of b(-6)?
5
What is the units digit of 1*((-2 - -4) + 34)?
6
Let w(s) = -10*s**3 + 4*s. What is the hundreds digit of w(-3)?
2
Let k = 97 - 32. What is the units digit of k?
5
Let a be -2*((-3)/(-6))/1. Let h = a - -2. Suppose 7*x + 5*w - 10 = 2*x, -4*x + 5*w = h. What is the units digit of x?
1
Let s(q) = q**3 - 10*q**2 - 11*q + 3. Let u be s(11). What is the tens digit of 3/(u/(-3))*-6?
1
Suppose 2*w - y + 11 = 0, 4*w + 9 = 3*w - 3*y. Let b(k) = k**2 - 4*k - 4. Let l be b(4). Let i = l - w. What is the units digit of i?
2
Suppose -5*h = -2*h + 27. Let l be 1/(-2) + 35/2. Let r = l + h. What is the units digit of r?
8
Let s(l) = -l**3 - l**2 - l - 1. Let c be s(-2). Suppose k + c = 39. What is the tens digit of k?
3
Let u(f) = f**2 - 2*f. Let a be u(3). Let l = a + 2. What is the units digit of l*-3*1/(-3)?
5
Suppose x = 2*i + 19 + 22, -i = 5*x - 249. What is the tens digit of x?
4
Let t(w) = 4*w**2 + 1. Suppose 1 + 0 = a. What is the units digit of t(a)?
5
Let o(p) = p + 3. Let s be o(-7). Let r be 3/(-12) - 17/s. What is the units digit of -2*2/r - -5?
4
Let b be (-57*2)/3*-1. Let z = b + -23. What is the tens digit of z?
1
Let a = 15 - 9. Let o(k) = k**3 - 6*k**2 + 2*k + 1. What is the tens digit of o(a)?
1
Let d = 73 + -25. What is the units digit of d?
8
Let j(n) = n + 1. Let l be j(3). Let f(p) = -p**2 + 7*p - 5. What is the units digit of f(l)?
7
Let o(r) = r**3 + 8*r**2 + 4*r + 6. What is the tens digit of o(-7)?
2
Let c(l) = -3*l + 2. What is the units digit of c(-3)?
1
Let f(l) = -l**3 - 2*l**2 + 2. Let z be f(-2). Suppose -4*j - 3*b = -b - 34, 0 = -4*j + z*b + 38. What is the units digit of j?
9
Suppose -4*t - 291 = -3*q, 0 = 2*q - q + 5*t - 78. What is the tens digit of q?
9
Suppose -b = 3*k - 0*b - 122, 2*k - 86 = -3*b. What is the tens digit of k?
4
Suppose 3*x - 15 + 3 = 0. Let k(r) = -r**3 + 12*r**2 - 14*r. Let o be k(10). Suppose -d - x*d = -o. What is the tens digit of d?
1
Suppose -2*p = -0*p - 46. What is the units digit of p?
3
Suppose 2*p - 4*p = -70. What is the tens digit of p?
3
What is the units digit of 3/(-6) + (-4)/(32/(-68))?
8
Let z be 1*(0 + 0 + 38). Let x = z + -8. What is the units digit of x?
0
Suppose 6 = 2*u + 2. Suppose 4*b + u*y + 2 = 0, -4 = 2*b - 2*y + 4*y. What is the units digit of b?
1
Suppose 0 = 3*t - 93 + 6. What is the tens digit of t?
2
What is the tens digit of (3 - 1)*(5 + 11)?
3
Let o(z) = -z - 13. Let v be o(-9). What is the units digit of 9/(-6) + (-22)/v?
4
What is the tens digit of 60 + -7 + 3 + -1 + -1?
5
Let u = 14 + -10. Let k be ((-15)/12)/((-1)/u). Suppose -x - 4 = -k*x. What is the units digit of x?
1
Let d = 607 - 23. What is the units digit of d/16 - 6/4?
5
Suppose -2*q = r - 5*r + 6, 3*q = -3*r. Suppose -10 = -3*o - r. What is the units digit of o?
3
Let r(c) = -c**2 + 10*c - 10. Let a(z) = 2*z. Let v be a(4). Let k be r(v). Suppose -f + k*f = 5. What is the units digit of f?
1
Suppose 2*s - 43 = -5*t, 67 = 3*s + t + 4*t. What is the units digit of s?
4
Let t = -4 + 3. What is the units digit of (-3 + t)*(-58)/8?
9
Let h be 2/(-10) + 8576/80. Suppose h + 38 = 5*a. What is the tens digit of a?
2
Suppose 3*g = g + 2, -5*k = -3*g + 53. What is the units digit of (k/(-25))/((-1)/(-10))?
4
Suppose 25 = 5*m, -m + 20 + 30 = 3*y. Suppose 15 = 24*q - 19*q. Suppose q*c - y = -2*c, -2*c = 2*l - 30. What is the tens digit of l?
1
Suppose 2*m + 3*m = 0. What is the units digit of (2 - m)/((-2)/(-7))?
7
Let k = 55 + -37. Let n be -3 - (-1*k)/3. Suppose -n*a + 27 = -12. What is the tens digit of a?
1
Suppose 0 = n - k + 1 - 3, -3*k - 6 = 0. What is the units digit of (42 + -11)*(n + 1)?
1
Let m(q) = 13 + 12*q + 10*q**2 + 11 - 11 - q**3. What is the tens digit of m(11)?
2
Let f = 597 + -299. What is the tens digit of f?
9
Let y be (-2 - -1)/1*-3. Suppose -20 = -n - y*n. Let a(g) = g - 3. What is the units digit of a(n)?
2
Let w be (-9)/(0 + -3) - 3. Let i(r) = -r**3 + r**2 + r - 3. Let q be i(w). What is the units digit of (2/6)/(q/(-117))?
3
Suppose 3*d - 386 = 2*s, 3*s = -d - 0*s + 114. What is the units digit of d?
6
Suppose d - 4*d = -6. Suppose 0 = f + d*f - 120. Suppose -c - 2*c - 2*m + f = 0, 0 = 2*c + 4*m - 40. What is the units digit of c?
0
Let s(k) = 7*k**3 - k**2. Let q be s(-1). Let j(h) = -h**3 - 7*h**2 + 9*h + 11. What is the units digit of j(q)?
3
Let f = 24 + -20. Suppose -16 = -i - 3*m, 0 = -f*m - 27 + 7. What is the units digit of i?
1
Let c be (-52)/(-6) + 6/(-9). Suppose -6*t + c = -5*t. What is the units digit of t?
8
Let o be 47/9 + 8/(-36). Suppose o = -r + 2*r + 3*i, 5*r + 5*i - 15 = 0. Suppose 4*d - r = 2. What is the units digit of d?
1
Let v be (-12)/20 + 46/10. Suppose f - v*f = -18. Suppose -q + f = -6. What is the tens digit of q?
1
Suppose 4*d = -0*d + 144. What is the tens digit of d?
3
Suppose -3*b - 2*v = 2, -3*b + 14 = -4*b - 4*v. Suppose 0 = -j + p + 10, -4*p = -b*p + 10. What is the units digit of j?
5
Let q(y) = -y**3 + 12*y**2 + 15*y - 17. Suppose 0 = 3*m + 9, n - 3*m - 4 = -6*m. What is the units digit of q(n)?
9
Let s be -1*(-3 + 6/(-2)). Let g(o) = -o**3 + 5*o**2 + 7*o + 7. What is the tens digit of g(s)?
1
Suppose 0 = -4*b - 1 - 15. Let i be ((-33)/b)/((-18)/(-48)). Suppose -4*s + 39 = k, -k - i = -2*s + k. What is the tens digit of s?
1
Let x be ((-2)/(-7))/(1/7). Suppose 0 = x*w - 5 - 1. Suppose 0 = w*d - 22 - 8. What is the tens digit of d?
1
Let b be (2/(-2) - 1) + -16. Let o = 26 + b. Suppose -3*j - j = -o. What is the units digit of j?
2
Suppose h = -4*i - 2*h + 715, -4*i - h = -713. What is the tens digit of i?
7
Let i be (-3 + 1)*20/(-8). Suppose i*d + 2*b - 40 = 0, -5*b = -4*d + 31 + 1. Let y = d - -1